{"id":6,"date":"2020-11-03T11:59:17","date_gmt":"2020-11-03T10:59:17","guid":{"rendered":"http:\/\/mode-patrimoine.com\/?page_id=6"},"modified":"2021-03-06T21:09:10","modified_gmt":"2021-03-06T20:09:10","slug":"nos-prestations","status":"publish","type":"page","link":"https:\/\/mode-patrimoine.com\/index.php\/nos-prestations\/","title":{"rendered":"Nos prestations"},"content":{"rendered":"\n<h2 class=\"has-text-align-center\"><strong>Mise en exposition<\/strong><\/h2>\n\n\n\n<p class=\"has-normal-font-size\">Les costumes et textiles sont des objets particuli\u00e8rement sensibles au sein des collections patrimoniales. Leur mise en exposition requiert donc un savoir-faire et des m\u00e9thodes sp\u00e9cifiques r\u00e9pondant \u00e0 la double exigence de conservation des \u0153uvres dans le temps et de diffusion aupr\u00e8s du public. Chaque \u0153uvre est unique et n\u00e9cessite un syst\u00e8me de pr\u00e9sentation adapt\u00e9 r\u00e9alis\u00e9 avec des mat\u00e9riaux respectueux des normes de la conservation pr\u00e9ventive. Mode &amp; Patrimoine se propose d&#8217;intervenir dans l&#8217;ensemble des \u00e9tapes de cr\u00e9ation de l&#8217;exposition. En dialogue avec ses diff\u00e9rents acteurs, commissaires,sc\u00e9nographes et r\u00e9gisseurs, nous apportons nos comp\u00e9tences pour vous proposer les solutions les plus adapt\u00e9es \u00e0 vos exigences.En fonction de la structure et des besoins de votre institution, nous nous proposons d&#8217;intervenir ponctuellement sur les montages d&#8217;exposition ou d&#8217;assurer la prise en charge globale de vos projets en constituant des \u00e9quipes de professionnels sp\u00e9cialis\u00e9s en fonction des besoins (restaurateurs du patrimoine, r\u00e9gisseurs, monteurs installateurs d\u2019\u0153uvre d&#8217;art, mannequineurs ou socleurs) et en assurant la gestion des commandes de mat\u00e9riels n\u00e9cessaires \u00e0 leur mise en \u0153uvre.Diff\u00e9rents types de supports pourront \u00eatre employ\u00e9s en fonction de la nature de l&#8217;objet:\u2013Mannequinage\u2013Montage textile\u2013Soclage Sensibles aux questions de conservation pr\u00e9ventive, nous proposons \u00e9galement un service de conseil et de suivi autour des questions d&#8217;environnement de pr\u00e9sentation (lumi\u00e8re, temps de pr\u00e9sentation, climat), de pr\u00e9vention des nuisibles et d&#8217;empoussi\u00e8rement des \u0153uvres le temps de leur exposition au public.<\/p>\n\n\n\n<h2 class=\"has-text-align-center\">Gestion de collections mode et textile<\/h2>\n\n\n\n<p>La gestion des collections consiste \u00e0 \u00e9laborer les lignes de conduite \u00e0 adopter concernant les \u0153uvres, leurs documentations, leurs mouvements, leur acc\u00e8s et leur conservation. Les domaines de la mode et du textile n\u00e9cessitent de mettre en place une m\u00e9thodologie et un protocole particulier . Mode &amp;Patrimoine vous propose son expertise dans ce domaine selon votre politique de gestion des collections et peut r\u00e9aliser, selon vos besoins, des chantiers de collections et des campagnes de documentation d\u2019\u0153uvres.<\/p>\n\n\n\n<p><em>Les chantiers de collection<\/em> et le r\u00e9colement Mode &amp; Patrimoine vous accompagne \u00e0 diff\u00e9rentes \u00e9tapes pour cr\u00e9er une m\u00e9thodologie de chantiers de collections mais aussi pour r\u00e9aliser ces missions gr\u00e2ce \u00e0 une \u00e9quipe de professionnels \u00e0 diff\u00e9rentes \u00e9tapes :<\/p>\n\n\n\n<ul><li>V\u00e9rification de la pr\u00e9sence physique des \u0153uvres, pr\u00e9conisation deconditionnement et inscription sur le logiciel de gestion des collections selonles normes mus\u00e9ologiques<\/li><li>Constat d\u2019\u00e9tat et prise de mesures des \u0153uvres<\/li><li>Organisation de campagnes photographiques<\/li><li>Traitement pr\u00e9ventif des \u0153uvres tels que le d\u00e9poussi\u00e9rage, l\u2019anoxie et des campagnes de restauration si n\u00e9cessaire<\/li><li>Marquage des \u0153uvre<\/li><li>Prise en charge du conditionnement et du mouvement des \u0153uvres<\/li><\/ul>\n\n\n\n<p><em>La documentation des \u0153uvres<\/em><br>Mode &amp; Patrimoine vous accompagne sur la constitution de dossiers d\u2019\u0153uvres.Ils rassemblent les informations scientifiques d\u2019\u0153uvre en documentant l\u2019identit\u00e9, l\u2019histoire et l\u2019\u00e9tat de chaque pi\u00e8ce. Ce sont des donn\u00e9es pr\u00e9cieuses pour leur conservation et leur int\u00e9r\u00eat scientifique. Ces dossiers se composent de deux \u00e9chelons :<\/p>\n\n\n\n<ul><li>\u00c9laboration de fiches techniques<\/li><li>Recherche historique<\/li><\/ul>\n\n\n\n<h2 class=\"has-text-align-center\">Cr\u00e9ation de contenus scientifique<\/h2>\n\n\n\n<p>La recherche et la diffusion de contenus scientifiques contribuent au d\u00e9veloppement et \u00e0 la valorisation du patrimoine mode et textile. Mode &amp; Patrimoine se propose d&#8217;intervenir dans diff\u00e9rents champs de ces domaines :<\/p>\n\n\n\n<ul><li>Commissariat d&#8217;exposition<\/li><li>R\u00e9daction d&#8217;articles scientifiques<\/li><li>Publication de p\u00e9riodique et d&#8217;ouvrages sp\u00e9cialis\u00e9s<\/li><\/ul>\n\n\n\n<p><\/p>\n","protected":false},"excerpt":{"rendered":"<p>Mise en exposition Les costumes et textiles sont des objets particuli\u00e8rement sensibles au sein des collections patrimoniales. Leur mise en exposition requiert donc un savoir-faire et des m\u00e9thodes sp\u00e9cifiques r\u00e9pondant \u00e0 la double exigence de conservation des \u0153uvres dans le temps et de diffusion aupr\u00e8s du public. Chaque \u0153uvre est unique et n\u00e9cessite un syst\u00e8me&hellip;&nbsp;<a href=\"https:\/\/mode-patrimoine.com\/index.php\/nos-prestations\/\" class=\"\" rel=\"bookmark\">Read More &raquo;<span class=\"screen-reader-text\">Nos prestations<\/span><\/a><\/p>\n","protected":false},"author":1,"featured_media":0,"parent":0,"menu_order":0,"comment_status":"closed","ping_status":"closed","template":"","meta":{"neve_meta_sidebar":"default","neve_meta_container":"","neve_meta_enable_content_width":"on","neve_meta_content_width":63,"neve_meta_title_alignment":"center","neve_meta_author_avatar":"","neve_post_elements_order":"","neve_meta_disable_header":"","neve_meta_disable_footer":"","neve_meta_disable_title":""},"_links":{"self":[{"href":"https:\/\/mode-patrimoine.com\/index.php\/wp-json\/wp\/v2\/pages\/6"}],"collection":[{"href":"https:\/\/mode-patrimoine.com\/index.php\/wp-json\/wp\/v2\/pages"}],"about":[{"href":"https:\/\/mode-patrimoine.com\/index.php\/wp-json\/wp\/v2\/types\/page"}],"author":[{"embeddable":true,"href":"https:\/\/mode-patrimoine.com\/index.php\/wp-json\/wp\/v2\/users\/1"}],"replies":[{"embeddable":true,"href":"https:\/\/mode-patrimoine.com\/index.php\/wp-json\/wp\/v2\/comments?post=6"}],"version-history":[{"count":4,"href":"https:\/\/mode-patrimoine.com\/index.php\/wp-json\/wp\/v2\/pages\/6\/revisions"}],"predecessor-version":[{"id":73,"href":"https:\/\/mode-patrimoine.com\/index.php\/wp-json\/wp\/v2\/pages\/6\/revisions\/73"}],"wp:attachment":[{"href":"https:\/\/mode-patrimoine.com\/index.php\/wp-json\/wp\/v2\/media?parent=6"}],"curies":[{"name":"wp","href":"https:\/\/api.w.org\/{rel}","templated":true}]}}